t of 2220379?
3
What is the millions digit of 2979480?
2
What is the thousands digit of 1247897?
7
What is the ten thousands digit of 120073?
2
What is the thousands digit of 6212589?
2
What is the ten thousands digit of 4887603?
8
What is the units digit of 1280556?
6
What is the hundreds digit of 190784?
7
What is the thousands digit of 87988?
7
What is the ten thousands digit of 72898?
7
What is the thousands digit of 130452?
0
What is the ten thousands digit of 26764891?
6
What is the hundreds digit of 22398678?
6
What is the units digit of 2412122?
2
What is the hundreds digit of 247334?
3
What is the thousands digit of 882933?
2
What is the hundred thousands digit of 2837672?
8
What is the ten millions digit of 13888523?
1
What is the hundred thousands digit of 2511032?
5
What is the thousands digit of 63345?
3
What is the hundreds digit of 1352491?
4
What is the tens digit of 276893?
9
What is the ten thousands digit of 861457?
6
What is the ten millions digit of 18918992?
1
What is the hundreds digit of 42110?
1
What is the ten thousands digit of 1480216?
8
What is the hundreds digit of 3134957?
9
What is the thousands digit of 1272738?
2
What is the ten thousands digit of 5009311?
0
What is the units digit of 480447?
7
What is the tens digit of 1402503?
0
What is the thousands digit of 127907?
7
What is the hundreds digit of 2839374?
3
What is the millions digit of 2337777?
2
What is the ten thousands digit of 244828?
4
What is the millions digit of 9633440?
9
What is the ten thousands digit of 280754?
8
What is the hundreds digit of 221268?
2
What is the millions digit of 2732219?
2
What is the hundred thousands digit of 451366?
4
What is the ten thousands digit of 99141?
9
What is the units digit of 207361?
1
What is the units digit of 394456?
6
What is the millions digit of 1730468?
1
What is the millions digit of 2997048?
2
What is the millions digit of 1047030?
1
What is the hundred thousands digit of 1319512?
3
What is the hundred thousands digit of 771430?
7
What is the units digit of 201115?
5
What is the tens digit of 921603?
0
What is the hundred thousands digit of 732742?
7
What is the hundred thousands digit of 1945281?
9
What is the millions digit of 9799371?
9
What is the tens digit of 3491194?
9
What is the units digit of 218554?
4
What is the tens digit of 2203615?
1
What is the hundred thousands digit of 6108872?
1
What is the units digit of 310644?
4
What is the thousands digit of 3918511?
8
What is the millions digit of 2337752?
2
What is the hundreds digit of 419647?
6
What is the hundred thousands digit of 165801?
1
What is the thousands digit of 15104284?
4
What is the tens digit of 131377?
7
What is the hundred thousands digit of 445272?
4
What is the hundred thousands digit of 2961161?
9
What is the units digit of 20023?
3
What is the hundred thousands digit of 4123203?
1
What is the hundreds digit of 1036040?
0
What is the units digit of 1083525?
5
What is the thousands digit of 1098317?
8
What is the hundred thousands digit of 1489229?
4
What is the hundreds digit of 3771762?
7
What is the ten thousands digit of 456656?
5
What is the hundred thousands digit of 142899?
1
What is the hundreds digit of 156824?
8
What is the thousands digit of 29912903?
2
What is the hundreds digit of 2082601?
6
What is the ten thousands digit of 10066418?
6
What is the units digit of 203576?
6
What is the units digit of 3491467?
7
What is the units digit of 9565332?
2
What is the thousands digit of 9875263?
5
What is the units digit of 467746?
6
What is the thousands digit of 98372?
8
What is the units digit of 1250038?
8
What is the ten thousands digit of 1282506?
8
What is the ten millions digit of 15424472?
1
What is the tens digit of 1484299?
9
What is the ten thousands digit of 12111?
1
What is the tens digit of 152530?
3
What is the units digit of 8394112?
2
What is the ten thousands digit of 1276003?
7
What is the tens digit of 335140?
4
What is the hundred thousands digit of 121904?
1
What is the tens digit of 937758?
5
What is the units digit of 227715?
5
What is the thousands digit of 554429?
4
What is the thousands digit of 225313?
5
What is the hundreds digit of 161338?
3
What is the hundred thousands digit of 2597296?
5
What is the hundreds digit of 541914?
9
What is the hundreds digit of 317463?
4
What is the thousands digit of 607528?
7
What is the ten thousands digit of 2474505?
7
What is the thousands digit of 255746?
5
What is the units digit of 64267?
7
What is the hundreds digit of 421664?
6
What is the hundred thousands digit of 9582243?
5
What is the tens digit of 49068?
6
What is the thousands digit of 19368617?
8
What is the hundreds digit of 118130?
1
What is the units digit of 337349?
9
What is the tens digit of 521188?
8
What is the hundreds digit of 225576?
5
What is the tens digit of 1058423?
2
What is the tens digit of 359039?
3
What is the hundreds digit of 336519?
5
What is the units digit of 180161?
1
What is the units digit of 374357?
7
What is the tens digit of 162168?
6
What is the hundreds digit of 587444?
4
What is the thousands digit of 1901535?
1
What is the millions digit of 1793875?
1
What is the thousands digit of 635979?
5
What is the ten thousands digit of 880975?
8
What is the units digit of 1447080?
0
What is the hundred thousands digit of 1061982?
0
What is the tens digit of 702964?
6
What is the units digit of 1893441?
1
What is the ten thousands digit of 592123?
9
What is the hundred thousands digit of 280481?
2
What is the hundreds digit of 63467?
4
What is the units digit of 517452?
2
What is the tens digit of 353407?
0
What is the thousands digit of 746698?
6
What is the tens digit of 3165901?
0
What is the hundred thousands digit of 574637?
5
What is the hundreds digit of 397792?
7
What is the units digit of 314403?
3
What is the thousands digit of 731313?
1
What is the hundreds digit of 2154242?
2
What is the units digit of 562577?
7
What is the hundreds digit of 176714?
7
What is the units digit of 4645760?
0
What is the thousands digit of 2103169?
3
What is the hundreds digit of 106152?
1
What is the tens digit of 10490116?
1
What is the tens digit of 12622?
2
What is the hundred thousands digit of 41864777?
8
What is the hundreds digit of 1218068?
0
What is the thousands digit of 4898113?
8
What is the ten thousands digit of 2939545?
3
What is the tens digit of 240244?
4
What is the hundreds digit of 302899?
8
What is the tens digit of 680830?
3
What is the units digit of 1409182?
2
What is the thousands digit of 124118?
4
What is the units digit of 1250311?
1
What is the hundred thousands digit of 204875?
2
What is the hundreds digit of 613951?
9
What is the hundred thousands digit of 158954?
1
What is the ten thousands digit of 314127?
1
What is the tens digit of 10358018?
1
What is the units digit of 3138565?
5
What is the ten thousands digit of 201730?
0
What is the ten thousands digit of 7216413?
1
What is the millions digit of 3377655?
3
What is the thousands digit of 730981?
0
What is the tens digit of 686898?
9
What is the thousands digit of 3126820?
6
What is the hundreds digit of 3152486?
4
What is the hundred thousands digit of 8418235?
4
What is the thousands digit of 5257757?
7
What is the hundred thousands digit of 2984499?
9
What is the millions digit of 2407772?
2
What is the ten thousands digit of 1111378?
1
What is the hundred thousands digit of 531194?
5
What is the hundred thousands digit of 7261279?
2
What is the hundred thousands digit of 308810?
3
What is the tens digit of 3034616?
1
What is the tens digit of 4510124?
2
What is the units digit of 343791?
1
What is the millions digit of 2528835?
2
What is the tens digit of 141693?
9
What is the ten thousands digit of 819954?
1
What is the thousands digit of 85308?
5
What is the hundred thousands digit of 369638?
3
What is the hundred thousands digit of 3544962?
5
What is the tens digit of 10419652?
5
What is the ten thousands digit of 10063711?
6
What is the units digit of 803254?
4
What is the hundred thousands digit of 161825?
1
What is the tens digit of 16338669?
6
What is the units digit of 9346780?
0
What is the tens digit of 2772175?
7
What is the hundreds digit of 1602582?
5
What is the t